e
Is 479803889 a composite number?
False
Is 390953 prime?
True
Is 72362005 composite?
True
Is 5581123 prime?
False
Is 20637053 prime?
False
Is 1403239 a prime number?
True
Is 47020577 composite?
False
Is 1335007 a composite number?
False
Is 825878 a composite number?
True
Is 3753935 prime?
False
Is 235337801 composite?
False
Is 98813137 prime?
True
Is 73486117 composite?
False
Is 1715099 composite?
False
Is 60782543 a prime number?
True
Is 1715965 prime?
False
Is 1551031 composite?
True
Is 1134437 a prime number?
True
Is 3915931 composite?
False
Is 3141877 composite?
False
Is 92700313 a composite number?
False
Is 2311181 a prime number?
True
Is 437629 a prime number?
True
Is 4796342 a composite number?
True
Is 229564007 prime?
False
Is 2394071 a prime number?
True
Is 578297 a composite number?
False
Is 24430097 prime?
True
Is 60194867 a composite number?
True
Is 39922811 prime?
True
Is 972787 prime?
True
Is 14152013 composite?
False
Is 42819911 prime?
True
Is 53949739 a composite number?
False
Is 96859027 a composite number?
False
Is 1642769 a prime number?
True
Is 7576027 composite?
False
Is 8765557 composite?
True
Is 41642369 composite?
False
Is 15883045 a prime number?
False
Is 3742841 a composite number?
False
Is 463325069 a composite number?
False
Is 60103427 a composite number?
True
Is 21030227 a composite number?
False
Is 254287441 prime?
True
Is 4245259 a prime number?
True
Is 8043923 composite?
False
Is 57346403 a composite number?
False
Is 1444453811 prime?
True
Is 43560669 composite?
True
Is 172376327 a prime number?
False
Is 24837223 a prime number?
True
Is 132485459 prime?
False
Is 67157291 a prime number?
False
Is 2654989 a prime number?
True
Is 1943549 a prime number?
False
Is 147815617 prime?
True
Is 5320174 a composite number?
True
Is 47543537 a prime number?
True
Is 10472569 a composite number?
True
Is 19858433 composite?
True
Is 2204093 a prime number?
False
Is 4873091 prime?
True
Is 9566849 prime?
True
Is 596951 prime?
False
Is 110023211 composite?
False
Is 32299403 a prime number?
True
Is 392860603 prime?
True
Is 263053823 a prime number?
True
Is 48745339 a composite number?
False
Is 5112773 composite?
True
Is 6297139 composite?
True
Is 678131 a prime number?
False
Is 6679697 composite?
True
Is 411713 composite?
True
Is 152653 a prime number?
False
Is 334963535 a composite number?
True
Is 29193347 prime?
True
Is 69899083 a prime number?
True
Is 12588287 a composite number?
False
Is 338618107 a prime number?
True
Is 25136873 composite?
False
Is 89546029 a prime number?
True
Is 4453639 a prime number?
False
Is 54873493 a prime number?
True
Is 38006197 a prime number?
False
Is 2725357 a prime number?
True
Is 14759981 a composite number?
False
Is 5105753 a prime number?
True
Is 107692945 prime?
False
Is 63520253 composite?
True
Is 36259471 a prime number?
True
Is 897601 composite?
False
Is 59387 a prime number?
True
Is 14092669 prime?
True
Is 209725079 composite?
False
Is 10407121 composite?
True
Is 17333533 prime?
False
Is 5473511 a composite number?
False
Is 11449511 a composite number?
False
Is 140016803 a composite number?
True
Is 699617 a composite number?
False
Is 20085827 composite?
False
Is 1048661 a prime number?
True
Is 74287153 composite?
False
Is 5614507 a composite number?
True
Is 377301919 composite?
True
Is 924383 a prime number?
True
Is 277315282 a composite number?
True
Is 3575359 a composite number?
True
Is 7446471 a composite number?
True
Is 15197969 composite?
False
Is 46772837 prime?
False
Is 8055779 prime?
True
Is 487259 prime?
False
Is 3435541 a prime number?
True
Is 91157657 prime?
True
Is 144769237 composite?
True
Is 71648869 a composite number?
True
Is 4064969 a composite number?
True
Is 37404733 a prime number?
True
Is 3639413 a composite number?
True
Is 343153 a prime number?
True
Is 995711 a composite number?
True
Is 349663 a composite number?
False
Is 15901799 a prime number?
False
Is 23841359 a prime number?
True
Is 12750077 prime?
False
Is 2090323 composite?
True
Is 2903029 a prime number?
False
Is 5275741 a prime number?
True
Is 8413211 composite?
False
Is 250249705 composite?
True
Is 39655191 a composite number?
True
Is 29772983 prime?
True
Is 9970897 prime?
False
Is 7093059 a prime number?
False
Is 4938929 composite?
False
Is 317353577 a prime number?
True
Is 1362247 a composite number?
False
Is 220604083 composite?
True
Is 72837319 prime?
False
Is 20912839 a composite number?
True
Is 55634797 a composite number?
False
Is 101353523 a composite number?
False
Is 469944403 prime?
True
Is 1985026 a prime number?
False
Is 34444742 prime?
False
Is 54188189 a composite number?
True
Is 38854139 prime?
True
Is 39470953 prime?
True
Is 767753453 composite?
True
Is 40619883 prime?
False
Is 98281567 a prime number?
True
Is 899615309 composite?
False
Is 33440189 composite?
False
Is 3100521 prime?
False
Is 287277737 composite?
False
Is 214167931 prime?
True
Is 10642354 a composite number?
True
Is 550679 a prime number?
True
Is 41773801 a prime number?
False
Is 708354263 a composite number?
True
Is 11745471 a composite number?
True
Is 8196007 a prime number?
True
Is 2938351 a composite number?
True
Is 273551567 composite?
True
Is 6458773 composite?
False
Is 166987231 prime?
True
Is 436999187 a prime number?
True
Is 3924566 prime?
False
Is 297361 a prime number?
False
Is 2577623 a composite number?
False
Is 13091999 a composite number?
True
Is 124734333 a composite number?
True
Is 1470767 composite?
True
Is 48338177 prime?
True
Is 32884633 a composite number?
False
Is 78597782 a composite number?
True
Is 553633 a composite number?
True
Is 113464187 prime?
True
Is 4149727 a prime number?
False
Is 899681 prime?
True
Is 1968739 a composite number?
False
Is 3128863 composite?
True
Is 109933 composite?
True
Is 19157701 a prime number?
False
Is 12440081 a composite number?
True
Is 143505029 composite?
True
Is 77942783 composite?
False
Is 42542713 composite?
False
Is 109409887 prime?
True
Is 110658901 a composite number?
True
Is 32569 composite?
False
Is 8242151 composite?
True
Is 19902497 a prime number?
False
Is 3671761 prime?
True
Is 1062511 prime?
True
Is 12318133 a composite number?
True
Is 109909885 a composite number?
True
Is 15663499 prime?
True
Is 541181 a prime number?
True
Is 11492597 composite?
True
Is 724005461 a composite number?
True
Is 76619523 a prime number?
False
Is 20666879 a composite number?
True
Is 147146141 a composite number?
True
Is 51037739 composite?
False
Is 405090503 a prime number?
False
Is 3701773 composite?
False
Is 40981511 a prime number?
True
Is 15675151 composite?
False
Is 381697 a prime number?
True
Is 145423 a composite number?
False
Is 405154609 prime?
False
Is 1719433 a composite number?
False
Is 321055943 a composite number?
True
Is 6995749 prime?
False
Is 51858101 prime?
False
Is 12920261 prime?
True
Is 130872059 a composite number?
False
Is 18171773 composite?
True
Is 34413805 a prime number?
False
Is 1306274447 composite?
False
Is 10466399 a composite number?
True
Is 17307833 prime?
True
Is 3283571 composite?
False
Is 41507201 composite?
True
Is 3025189 prime?
False
Is 125338819 prime?
True
Is 4333202 composite?
True
Is 896527 a composite number?
True
Is 441799777 a composite number?
True
Is 314535191 a prime number?
True
Is 9662561 prime?
True
Is 19627211 prime?
False
Is 785042917 a composite number?
False
Is 6336347 a prime number?
True
Is 13303 prime?
False
Is 291701 a composite number?
False
Is 334421 a composite number?
False
Is 70008569 a prime number?
True
Is 1343993 a composite number?
True
Is 13279681 prime?
True
Is 8609203 prime?
False
Is 1000847 composite?
False
Is 9726377 composite?
True
Is 1571233 a prime number?
True
Is 17988779 prime?
True
Is 1048597 composite?
True
Is 70971331 prime?
False
Is 91968449 prime?
True
Is 120837407 prime?
True
Is 182526989 a prime number?
True
Is 313067361 a prime number?
False
Is 666269 prime?
True
Is 1226651 prime?
True
Is 224531795 composite?
True
Is 1385627 composite?
True
Is 26750915 composite?
True
Is 152653 a composite number?
True
Is 29401429 composite?
True
Is 18990499 a prime number?
False
Is 1225711 composite?
True
Is 71276707 prime?
False
Is 5018241 composite?
True
Is 610757 prime?
False
Is 4377626677 prime?
Tru